 of n and 39.
13
Let x = 3790 + -3524. Calculate the highest common factor of x and 322.
14
Suppose -2*t - 34 = -2*o, 3*t + 15 = -0. Suppose 4*g = 13*g - 18. Let k be -1*5*(g - (7 + 1)). What is the highest common divisor of k and o?
6
Let g be (10/(-3))/(18/((-972)/9)). What is the highest common divisor of 3230 and g?
10
Let x(v) = -246*v**3 + v**2 - 2*v - 3. Let f be x(-1). Suppose -12*z - 13*z + 48 = -17*z. Calculate the highest common factor of f and z.
6
Suppose 32*j - 5 = 33*j. Let o(l) be the first derivative of -63*l**2/2 - 27*l - 34. Let v be o(j). What is the greatest common factor of v and 32?
32
Suppose -6*z - 36 = -7*z - 4*f, 5*z - 84 = -4*f. Let d(i) = i**3 - 10*i**2 + 10*i - 4. Let a be d(10). What is the greatest common factor of a and z?
12
Let p(u) = -2*u - 6. Let s(y) = -3*y - 6. Let c(v) = 5*p(v) - 4*s(v). Let q be c(7). Suppose -b = q - 10. What is the greatest common divisor of 1 and b?
1
Let r = -8280 - -14300. Calculate the greatest common factor of r and 210.
70
Let m(f) = -f**2 + 32*f - 19. Let b be m(31). Let o be 5 - (8/b)/((-16)/8616). What is the greatest common divisor of 56 and o?
28
Let b(s) be the first derivative of s**3/3 - s**2 + 42*s - 329. Suppose -7*p = -3*p. Let n be b(p). Calculate the highest common factor of 7 and n.
7
Suppose 5*s - 556 = -4*a, -2*a = -2*s + 3*s - 110. Suppose 0*b = -b + s. Let v = -4216 + 4244. What is the greatest common divisor of v and b?
28
Suppose 2*y - 702 + 136 = -3*o, 0 = -2*y - 10. What is the highest common divisor of 1104 and o?
48
Suppose -6 = -n + 58. Suppose n = 6*m + 2*m. Suppose 4*t + 160 = m*t. What is the highest common divisor of 8 and t?
8
Suppose 0 = -4*v - 6*v. Let c(n) = -n**2 + 17*n + 40. Let f be c(v). Calculate the greatest common divisor of f and 1000.
40
Suppose 5*c - 83 = c - 5*u, -5*c - 3*u + 120 = 0. Let j(w) = -3*w + 2 - 17*w**2 + 7 + c*w**2. Let q be j(2). Calculate the highest common factor of 387 and q.
43
Suppose 20*y = -3988 - 852. Let n = -151 - y. What is the highest common divisor of n and 13?
13
Let x be -1*(-10)/8 + (-6)/(-8). Suppose -4 = -x*b + 2. Suppose b*o + o = 260. Calculate the greatest common factor of o and 26.
13
Let t(g) = 6*g**2 + 74*g + 296. Let f be t(-28). What is the highest common factor of 3 and f?
3
Suppose -15*i = -20*i + 10. Suppose i*k = -17 + 41. Calculate the highest common factor of k and 15.
3
Suppose 23*o - 3592 = -14*o + 848. What is the highest common factor of 3840 and o?
120
Let x = 582 - 530. What is the highest common divisor of 1092 and x?
52
Suppose 3*n + n = 2*m, 4*m = 2*n. Suppose -5*g + 133 = -3*r - n*g, -5*g = -4*r - 174. Let f = -36 - r. What is the highest common divisor of 55 and f?
5
Suppose -3*f + 208 = f. Suppose -9 = 42*v - 93. Suppose -f = -3*q + 2*q - v*c, 3*q - 121 = c. What is the greatest common factor of 21 and q?
21
Suppose -2*s - 5*t + 10 = 0, 3*s = -5*t + 1 + 4. Let p be (-6)/s*1*(-715)/(-26). Let d = 51 - p. Calculate the highest common factor of 36 and d.
18
Let p(t) = t**3 - 18*t**2 - 20*t + 27. Let l = -15 + 34. Let w be p(l). Let o be ((-14)/w - -3)/(4/400). What is the greatest common factor of o and 25?
25
Let i be (120309/28)/(1271/4264 - 2/(-26)). What is the greatest common divisor of 34 and i?
34
Let y(g) = 7*g**2 + g. Let s be y(-1). Let a(w) = 97*w + 7795. Let z be a(-73). What is the greatest common divisor of s and z?
6
Let x be 1*0/(-3 - -2). Suppose -489 = -5*p - 3*w, -8*w + 5*w + 9 = x. What is the greatest common divisor of 48 and p?
48
Suppose -233*n = -456*n + 227*n - 14124. What is the highest common factor of n and 4173?
321
Let t = -478 + 1021. Let x = 1250 - t. Calculate the greatest common factor of 7 and x.
7
Suppose -5*r = 2*m - 562, 3*m - 92 = -4*r + 352. Calculate the highest common divisor of r and 494.
38
Let q(n) = -2225*n - 7671. Let j be q(-5). Calculate the highest common divisor of 44 and j.
22
Let g(m) = -2*m**2 - 75*m - 26. Let s be g(-37). Suppose 7790 = s*d - 6*d. Calculate the highest common divisor of 82 and d.
82
Suppose -5*r + 8*r - 345 = 3*k, 4*r - 451 = k. Suppose 3*q + p = 36 + 2, -3*q = -2*p - 50. Calculate the highest common factor of r and q.
14
Suppose 23*h + 74 = -64. Let w be (-2020)/(-60) - h/(-9). Suppose 0 = -q, 2*k + k + 5*q - 1089 = 0. What is the highest common factor of w and k?
33
Let v(m) = 2*m**2 + 25*m. Let b be v(-16). Suppose -30*y = -29*y + 2*z - 56, -b = -2*y + 5*z. What is the greatest common factor of y and 504?
56
Let c(m) = m**2 + 2*m. Let v be c(-4). Let j be (55 + 1)/(-14 + 41 - 25). What is the highest common divisor of v and j?
4
Let u = -22 - -86. Let v be ((-384)/40)/(2*(-12)/800). What is the greatest common divisor of v and u?
64
Let f(i) = 4*i + 9. Let z be f(-1). Suppose -120 = -9*h + z*h. What is the highest common divisor of 270 and h?
30
Let l(i) = -49*i - 58. Let v be l(-2). Calculate the highest common factor of v and 1250.
10
Let n(g) = -22*g + 3484. Let d be n(86). What is the greatest common divisor of 597 and d?
199
Suppose -3*k - 5*b = 11, -11 = 2*k + b - 6. Let n be ((-4)/(-3) + k)/((-13)/780). Calculate the greatest common factor of n and 8.
8
Let u be 7*(3 + 8 + -4 + -25). Let h be 18/u - (-1200)/21. What is the highest common divisor of h and 38?
19
Let b be (504/(-98))/((-84)/196). Suppose 213 + 51 = 4*x. What is the highest common divisor of x and b?
6
Let a be 55/(-110)*0/(-1). Suppose 23*i - 18*i - 20 = a. Calculate the highest common factor of 8 and i.
4
Let r be 172 - 17/(85/40). Let o = r + -111. Calculate the greatest common divisor of o and 159.
53
Let d be 3 - (-312 + ((-1)/(-2))/(20/(-40))). What is the greatest common divisor of 237 and d?
79
Let m = 3258 + -3080. Calculate the highest common divisor of m and 13973.
89
Let l be 16/(-136) - (-34600)/(-680). Suppose -3*j - 2*t - 64 = 0, -3*t - 80 = 4*j + t. Let q = j - l. Calculate the highest common factor of 18 and q.
9
Suppose 0 = -o - 4*c + 715 + 1172, -3*c - 3785 = -2*o. What is the greatest common divisor of o and 61?
61
Suppose -256979 = -133*z + 132578. What is the highest common divisor of z and 116?
29
Let c be ((-165)/25 - -7) + 1468/5. Calculate the highest common divisor of c and 6909.
147
Suppose 9*f - 42542 = 4750 + 6339. What is the greatest common divisor of f and 59?
59
Let o = -7949 + 8125. Calculate the highest common factor of 1804 and o.
44
Let w be (-86)/(-14) - (-27)/(-189). Let l(p) = p**2 - 9*p + 32. Let t be l(w). What is the greatest common factor of 42 and t?
14
Suppose 1252*t = 1289*t - 4662. Let u be (-9)/((-6)/(-8) - 1). What is the greatest common factor of t and u?
18
Suppose 77 - 202 = -3*h - f, 0 = 3*h - 2*f - 137. What is the highest common factor of 129 and h?
43
Let q be ((-18)/(-10))/((-39)/(-195)). Suppose -t + q = -3*b - 11, -2*t = b - 5. What is the greatest common factor of t and 5?
5
Let m be (3/2)/((-63)/1848). Let n be m/(-66) + (-2)/3. Suppose -3*q + 2*x + 128 = -2*x, -2*q + x + 82 = n. What is the highest common divisor of 8 and q?
8
Suppose -x + 0*x - 8 = 3*q, -x = q. Suppose 6 + 74 = x*l. What is the greatest common divisor of l and 220?
20
Let f(p) = 7*p - 8. Let t be f(7). Let m = -35 + t. Let j be (m/4)/(20/2800). What is the greatest common factor of 30 and j?
30
Let p(v) = -v**2 + 5*v + 9. Let l = -117 + 123. Let t be p(l). Suppose a - 46 = -5*s + 4*a, 5*s - 34 = -t*a. What is the greatest common factor of s and 8?
8
Let u(i) = 17*i**2 + 122*i + 728. Let c be u(-6). What is the greatest common divisor of c and 38?
38
Suppose -7*k + 3259 = 2748. What is the highest common factor of 54166 and k?
73
Let b be ((5499/(-24))/(30/(-20)))/((-8)/(-96)). Calculate the highest common divisor of b and 282.
141
Let u(l) = -16*l**3 - 2*l**2 - l. Let h be u(-1). Let a be 6 + 225/16 - (-8)/(-128). Calculate the greatest common divisor of a and h.
5
Let v = -584015 + 584043. Let h = 165 - 53. Suppose -o = o - h. What is the highest common divisor of o and v?
28
Let k(q) = -214*q**3 + 21*q**2 - 10*q - 16. Let t be k(-2). Calculate the highest common divisor of 108 and t.
36
Let p(t) = -206*t - 27150. Let w be p(-132). Let j(n) = 63*n. Let d be j(2). Calculate the greatest common divisor of w and d.
42
Let c = 39 + -32. Let w(h) = 14*h - 49. Let k be w(7). What is the highest common diviso